 + 18. Give b(8).
-14
Let k(n) = n**3 + 5*n**2 + 7*n + 12. Give k(-3).
9
Let d(m) = m**3 + 3*m**2 + 2*m - 1. Calculate d(-3).
-7
Let t(f) = -2*f**3 - 4*f**2 + f - 3. Determine t(-3).
12
Let o(b) = b**3 - 8*b**2 + 3*b + 12. What is o(7)?
-16
Let d(j) = -3*j - 31. Calculate d(-8).
-7
Let n(z) = -z**2 + 14*z - 14. Calculate n(13).
-1
Let g(t) = t**2 + 13*t + 9. What is g(-15)?
39
Let i(o) = -2*o**3 + 13*o**2 + 9*o - 14. Determine i(7).
0
Let q(a) = -a**2 - 5*a - 6. Determine q(-5).
-6
Let j(v) = v**3 - 9*v**2 + 5*v + 4. Determine j(7).
-59
Let f(h) = 15*h + 185. Calculate f(-12).
5
Let t(b) = 12*b - 16. Determine t(2).
8
Let g(h) = -h**3 + h**2 - 3*h + 9. What is g(4)?
-51
Let z(r) = -r**2 + 2*r + 12. Give z(3).
9
Let i(q) = 5*q + 25. Determine i(-5).
0
Let k(t) = 14*t**2 - 2*t + 1. Give k(1).
13
Let j(p) = p + 4. What is j(17)?
21
Let k(x) = x**2 + 42*x - 177. Determine k(4).
7
Let s(u) = -u**2 - 10*u + 32. Calculate s(-13).
-7
Let j(r) = -r**3 - 28*r**2 - 28*r - 49. Give j(-27).
-22
Let s(q) = -9*q + 55. Calculate s(7).
-8
Let x(g) = -g**3 - 5*g - 24. What is x(-3)?
18
Let h(u) = -23*u + 3. Give h(-3).
72
Let n(b) = -b**3 + b**2 - 4*b - 17. Determine n(0).
-17
Let k(y) = 29*y**2 + 2. Give k(1).
31
Let r(l) = -2*l - 40. Give r(-22).
4
Let q(x) = -2*x**3 + x**2 + 2*x + 1. Calculate q(-2).
17
Let i(v) = 17*v + 1. Calculate i(-1).
-16
Let n(b) = -b + 7. Calculate n(8).
-1
Let k(a) = 4*a - 14. Give k(6).
10
Let v(b) = -6*b + 7. What is v(17)?
-95
Let v(w) = 2*w - 3. What is v(-8)?
-19
Let f(n) = 8*n. Calculate f(-1).
-8
Let w(g) = g - 10. Calculate w(6).
-4
Let x(s) = -s**3 + 9*s**2 - 14*s + 3. Calculate x(6).
27
Let c(m) = -8*m + 5. Calculate c(6).
-43
Let i(v) = -v**2 + v + 10. What is i(3)?
4
Let w(p) = p**2 + 9*p - 8. Give w(-10).
2
Let f(b) = -b**3 + 5*b**2 + 11*b - 7. Calculate f(7).
-28
Let w(v) = -v**3 + 30*v**2 + 26*v + 153. Determine w(31).
-2
Let p(d) = 8*d + 34. What is p(-4)?
2
Let q(n) = -42*n**3 + 4*n**2 + 5*n + 1. Give q(-1).
42
Let g(l) = l + 9. Give g(-9).
0
Let k(y) = -2*y**2 + y - 3. Calculate k(-5).
-58
Let j(g) = -9*g**2 - 3*g + 4. Determine j(1).
-8
Let a(f) = f**3 + 11*f**2 + 9*f - 9. Calculate a(-10).
1
Let d(c) = 12*c - 285. Determine d(23).
-9
Let x(a) = -a**3 - 4*a**2 - 2*a - 9. What is x(-4)?
-1
Let y(k) = 34*k + 4. Give y(-1).
-30
Let q(x) = x**3 + 22*x**2 + 23*x + 18. Calculate q(-21).
-24
Let a(m) = -m**3 + 14*m**2 - 42*m + 17. What is a(10)?
-3
Let y(a) = -8*a + 56. Determine y(7).
0
Let s(t) = -t**2 + 6*t + 118. Determine s(14).
6
Let f(m) = m**3 + 3*m**2 - 2*m + 5. Determine f(-4).
-3
Let g(u) = -8*u + 10. Determine g(2).
-6
Let t(o) = -11*o + 2. Give t(-4).
46
Let u(c) = c**3 + 6*c**2 - 3*c + 1. Determine u(-6).
19
Let t(h) = 17*h**3 + 2*h**2 + 1. Give t(-1).
-14
Let a(b) = b**3 - 51*b**2 + 99*b + 5. What is a(49)?
54
Let g(o) = o**2 + 27*o + 114. Calculate g(-5).
4
Let o(g) = -g**3 + 7*g**2 - 4*g + 16. Determine o(7).
-12
Let f(k) = -k**3 + 13*k**2 + 12*k + 20. Determine f(14).
-8
Let j(y) = -2*y**2 + 13*y - 26. Give j(5).
-11
Let h(g) = -g**2 + 16*g - 12. Calculate h(15).
3
Let n(p) = -p**3 + 15*p**2 + 20*p - 24. Give n(16).
40
Let j(u) = -116*u**2 - 4*u + 2. Determine j(1).
-118
Let x(b) = 2*b**3 - 18*b**2 + b - 5. Give x(9).
4
Let b(n) = -20*n**3 + 2*n**2 + 2*n + 1. What is b(-1)?
21
Let u(w) = 2*w**2 - 36*w. Give u(18).
0
Let o(n) = n**3 + 7*n**2 + 18*n + 12. Calculate o(-4).
-12
Let a(u) = 2*u**3 - 6*u + 5. What is a(2)?
9
Let s(m) = 2*m**2 - 4*m - 4. Determine s(-2).
12
Let x(r) = r**2 - r - 7. Calculate x(4).
5
Let n(b) = -3*b**2 + 18*b + 17. Give n(7).
-4
Let w(x) = -3*x**3 - 17*x**2 + 6*x + 4. Determine w(-6).
4
Let a(g) = -g**2 - 7*g - 9. Calculate a(-3).
3
Let o(c) = 2*c + 16. Determine o(-18).
-20
Let d(r) = r**2 + 3*r - 6. Give d(2).
4
Let t(y) = -31*y - 14. Give t(2).
-76
Let y(v) = 3*v + 23. Determine y(-10).
-7
Let d(o) = o - 1. Give d(1).
0
Let m(y) = y**3 - y**2 - 6*y + 6. Determine m(4).
30
Let a(r) = -2*r**2 + 3*r - 4. Determine a(3).
-13
Let m(q) = -q**3 - 3*q - 8. What is m(-2)?
6
Let c(r) = -6*r - 7. Calculate c(7).
-49
Let l(p) = 2*p**3 + 21*p**2 + 8*p + 9. Give l(-10).
29
Let q(m) = -m**3 + 28*m**2 - 66. What is q(28)?
-66
Let h(l) = l**2 + 13*l + 3. What is h(-5)?
-37
Let t(u) = 3*u**2 - 14*u - 7. Calculate t(7).
42
Let f(h) = -h**3 + 16*h**2 - 50*h + 30. What is f(12)?
6
Let r(a) = -2*a**3 - 17*a**2 - 6*a + 26. What is r(-8)?
10
Let b(p) = p**3 + 13*p**2 - 11*p + 32. Give b(-14).
-10
Let b(r) = -r - 7. Calculate b(-5).
-2
Let v(a) = a**3 + 19*a**2 - 45*a - 60. Calculate v(-21).
3
Let b(y) = y**2 - 16*y + 28. Give b(2).
0
Let t(k) = 125*k - 1012. Calculate t(8).
-12
Let g(f) = -13*f + 80. What is g(6)?
2
Let b(l) = -l**2 - 15*l + 3. Calculate b(-13).
29
Let f(l) = l**2 - 9*l + 16. Give f(6).
-2
Let g(w) = -6*w**3 + 2*w**2 + 3*w + 2. Give g(-1).
7
Let y(r) = 2*r**2 + 39*r - 28. Determine y(-21).
35
Let c(a) = 2*a**2 + 3*a + 30. Determine c(0).
30
Let k(x) = -x**3 + 16*x**2 - 32*x + 41. What is k(14)?
-15
Let m(f) = 5*f - 22. Determine m(0).
-22
Let o(w) = -w**3 - 5*w**2 - w + 4. Calculate o(-3).
-11
Let c(a) = 2*a**2 - 114*a + 7. What is c(57)?
7
Let u(x) = 16*x - 15. Give u(8).
113
Let b(t) = -42*t - 3. What is b(2)?
-87
Let z(w) = 2*w - 8. Calculate z(-5).
-18
Let g(x) = 2*x**2 + 50*x + 51. Determine g(-25).
51
Let x(j) = 16*j**2 + 8*j + 1. Determine x(-2).
49
Let k(y) = 3*y - 54. What is k(18)?
0
Let w(q) = 40*q + 392. Give w(-10).
-8
Let m(k) = -k**3 - 15*k**2 - 15*k - 10. Determine m(-14).
4
Let i(s) = -s**2 + 49*s + 454. Calculate i(57).
-2
Let i(p) = 32*p + 52. Determine i(-2).
-12
Let m(p) = -3*p - 18. Determine m(-10).
12
Let v(h) = -h**2 + 27*h - 166. Give v(14).
16
Let g(a) = -a**2 - 21*a + 38. Calculate g(-26).
-92
Let g(i) = -i**2 - 6*i + 4. Determine g(-8).
-12
Let w(a) = 4*a. Determine w(-3).
-12
Let n(r) = 2*r - 25. What is n(3)?
-19
Let d(a) = -8*a + 94. Calculate d(15).
-26
Let a(f) = -2*f**3 + 7*f**2 - 5. Determine a(3).
4
Let w(z) = -z**3 + 8*z**2 - 5*z - 2. Calculate w(7).
12
Let q(a) = -31*a**2 + 2*a + 1. Calculate q(-1).
-32
Let y(i) = i**2 - 12*i + 7. Give y(12).
7
Let x(j) = -j**3 + 12*j**2 - 32*j - 5. What is x(8)?
-5
Let m(d) = -7*d - 20. Give m(-5).
15
Let q(m) = m**3 + 18*m**2 - 2*m - 64. Determine q(-18).
-28
Let g(i) = -i - 6. Calculate g(-6).
0
Let s(y) = 3*y**2 + y - 8. Calculate s(4).
44
Let n(u) = 8*u**2 + 199*u - 19. Determine n(-25).
6
Let j(g) = 19*g**3 - g**2 - 2*g - 1. Give j(-1).
-19
Let c(z) = -20*z**3 - z**2 + 1. Calculate c(1).
-20
Let n(g) = g**2 - 60*g - 118. Give n(-2).
6
Let r(d) = d**2 + 2*d - 1. Calculate r(-3).
2
Let w(a) = 26*a - 501. Determine w(18).
-33
Let g(m) = 2*m**3 - 10*m**2 - 13*m + 29. Give g(6).
23
Let f(z) = z**3 + 13*z**2 + 12*z - 2. What is f(-12)?
-2
Let i(d) = -d**3 + 30*d**2 + 33*d - 22. Give i(31).
40
Let q(m) = -m**3 + 2*m**2 + 4*m - 4. Calculate q(3).
-1
Let y(f) = -f**2 + 11*f + 26. Calculate y(13).
0
Let v(z) = 8*z**2 + z + 3. Calculate v(3).
78
Let a(b) = -2*b - 3. Calculate a(0).
-3
Let f(i) = -6*i**3 + 2*i**2 - 36*i + 34. What is f(1)?
-6
Let c(j) = j - 3. Give c(-1).
-4
Let y(o) = 2*o**2 + 13*o + 1. Calculate y(-6).
-5
Let p(c) = c**3 + 5*c**2 - 3*c - 3. What is p(3)?
60
Let m(p) = p**2 + 22*p + 10. Give m(-21).
-11
Let w(y) = y**2 - 5*y + 93. What is w(0)?
93
Let g(c) = c**3 + 12*c**2 + 5*c - 23. Give g(-12).
-83
Let h(r) = -r - 8. Calculate h(-2).
-6
Let i(z) = -10*z**2 - z. Give i(1).
-11
Let d(s) = -s**2 - 20*s - 100. Give d(-11).
-1
Let b(h) = -h**3 + 4*h**2 + 3*h - 14. Determine b(4).
-2
Let a(w) = 19*w - 22. Calculate a(7).
111
Let q(o) = o**2 - 20*o + 23. Give q(7).
-68
Let k(a) = 16*a - 73. What is k(4)?
-9
Let i(p) = 3*p - 3. Determine i(-11).
-36
Let h(q) = 5*q - 7. Calculate h(4).
13
Let y(x) = -x + 11. Give y(10).
1
Let r(c) = -2*c + 16. Calculate r(4).
8
Let a(w) = -10*w + 16. Give a(7).
-54
Let h(a) = 2*a**2 - 14*a + 5. Determine h(7).
5
Let b(r) = -r**3 + 12*r**2 + 3*r + 55. What is b(13)?
-75
Let f(d) = d**3 + 6*d**2 + 9*d - 3. What is f(-3)?
-3
Let v(x) = -2*x**2 + 2*x + 1. What is v(3)?
-11
Let a(u) = -2*u**2 - u + 6. Calculate a(2).
-4
Let i(s) = s**2 - 2*s - 8. Give i(6).
16
Let q(n) = -n - 33. Give q(-32).
-1
Let s(p) = -p + 2. Calculate s(-1).
3
Let m(a) = 12*a + 1. What is m(-5)?
-59